81 is divided by 34?
11
Calculate the remainder when 625 is divided by 10.
5
Calculate the remainder when 239 is divided by 20.
19
What is the remainder when 270 is divided by 20?
10
What is the remainder when 7978 is divided by 35?
33
What is the remainder when 696 is divided by 37?
30
What is the remainder when 5404 is divided by 16?
12
What is the remainder when 84 is divided by 46?
38
Calculate the remainder when 928 is divided by 49.
46
What is the remainder when 507 is divided by 51?
48
What is the remainder when 138 is divided by 35?
33
Calculate the remainder when 111 is divided by 43.
25
Calculate the remainder when 4439 is divided by 202.
197
Calculate the remainder when 639 is divided by 82.
65
Calculate the remainder when 304 is divided by 24.
16
What is the remainder when 3794 is divided by 106?
84
Calculate the remainder when 9 is divided by 1.
0
What is the remainder when 71 is divided by 16?
7
Calculate the remainder when 4127 is divided by 153.
149
Calculate the remainder when 1106 is divided by 184.
2
What is the remainder when 7 is divided by 7?
0
Calculate the remainder when 194 is divided by 28.
26
Calculate the remainder when 3416 is divided by 228.
224
What is the remainder when 44 is divided by 12?
8
What is the remainder when 340 is divided by 25?
15
Calculate the remainder when 1712 is divided by 6.
2
Calculate the remainder when 255 is divided by 66.
57
What is the remainder when 824 is divided by 18?
14
Calculate the remainder when 243 is divided by 80.
3
What is the remainder when 480 is divided by 21?
18
Calculate the remainder when 510 is divided by 42.
6
What is the remainder when 33 is divided by 13?
7
What is the remainder when 2773 is divided by 688?
21
What is the remainder when 440 is divided by 72?
8
What is the remainder when 252 is divided by 51?
48
What is the remainder when 446 is divided by 18?
14
Calculate the remainder when 48 is divided by 32.
16
What is the remainder when 52 is divided by 31?
21
What is the remainder when 424 is divided by 133?
25
Calculate the remainder when 86 is divided by 14.
2
What is the remainder when 1740 is divided by 174?
0
What is the remainder when 124 is divided by 29?
8
What is the remainder when 1615 is divided by 42?
19
Calculate the remainder when 50 is divided by 7.
1
What is the remainder when 276 is divided by 30?
6
Calculate the remainder when 1514 is divided by 109.
97
What is the remainder when 60 is divided by 34?
26
Calculate the remainder when 1089 is divided by 52.
49
What is the remainder when 3548 is divided by 96?
92
What is the remainder when 1326 is divided by 14?
10
Calculate the remainder when 193 is divided by 95.
3
What is the remainder when 573 is divided by 115?
113
What is the remainder when 218 is divided by 5?
3
What is the remainder when 2568 is divided by 3?
0
Calculate the remainder when 1531 is divided by 13.
10
Calculate the remainder when 626 is divided by 57.
56
Calculate the remainder when 1468 is divided by 15.
13
What is the remainder when 1774 is divided by 74?
72
What is the remainder when 228 is divided by 41?
23
What is the remainder when 4568 is divided by 22?
14
Calculate the remainder when 1549 is divided by 16.
13
Calculate the remainder when 4286 is divided by 16.
14
What is the remainder when 46 is divided by 29?
17
Calculate the remainder when 2276 is divided by 57.
53
What is the remainder when 59 is divided by 3?
2
Calculate the remainder when 65 is divided by 3.
2
What is the remainder when 249 is divided by 51?
45
Calculate the remainder when 193 is divided by 23.
9
Calculate the remainder when 107 is divided by 46.
15
Calculate the remainder when 2008 is divided by 41.
40
What is the remainder when 467 is divided by 26?
25
Calculate the remainder when 114 is divided by 49.
16
Calculate the remainder when 1890 is divided by 171.
9
Calculate the remainder when 305 is divided by 140.
25
What is the remainder when 895 is divided by 791?
104
Calculate the remainder when 152 is divided by 7.
5
What is the remainder when 57 is divided by 48?
9
What is the remainder when 124 is divided by 32?
28
What is the remainder when 250 is divided by 9?
7
What is the remainder when 524 is divided by 64?
12
Calculate the remainder when 1281 is divided by 258.
249
Calculate the remainder when 778 is divided by 78.
76
Calculate the remainder when 711 is divided by 33.
18
What is the remainder when 96 is divided by 42?
12
What is the remainder when 171 is divided by 40?
11
What is the remainder when 457 is divided by 23?
20
Calculate the remainder when 322 is divided by 9.
7
Calculate the remainder when 382 is divided by 7.
4
Calculate the remainder when 1545 is divided by 119.
117
What is the remainder when 647 is divided by 9?
8
What is the remainder when 8042 is divided by 5?
2
What is the remainder when 1994 is divided by 285?
284
What is the remainder when 255 is divided by 43?
40
Calculate the remainder when 17349 is divided by 24.
21
What is the remainder when 4868 is divided by 24?
20
Calculate the remainder when 341 is divided by 326.
15
Calculate the remainder when 1395 is divided by 78.
69
What is the remainder when 118 is divided by 20?
18
What is the remainder when 118 is divided by 66?
52
Calculate the remainder when 221 is divided by 69.
14
What is the remainder when 144 is divided by 49?
46
What is the remainder when 643 is divided by 54?
49
Calculate the remainder when 245 is divided by 92.
61
What is the remainder when 3513 is divided by 36?
21
What is the remainder when 268 is divided by 54?
52
What is the remainder when 785 is divided by 302?
181
What is the remainder when 28 is divided by 11?
6
What is the remainder when 110 is divided by 31?
17
Calculate the remainder when 6859 is divided by 104.
99
Calculate the remainder when 436 is divided by 49.
44
What is the remainder when 58 is divided by 16?
10
Calculate the remainder when 111 is divided by 8.
7
Calculate the remainder when 26505 is divided by 94.
91
What is the remainder when 823 is divided by 55?
53
Calculate the remainder when 1609 is divided by 77.
69
What is the remainder when 60 is divided by 13?
8
What is the remainder when 540 is divided by 129?
24
Calculate the remainder when 542 is divided by 199.
144
Calculate the remainder when 3002 is divided by 73.
9
What is the remainder when 77 is divided by 44?
33
Calculate the remainder when 66 is divided by 19.
9
Calculate the remainder when 3710 is divided by 17.
4
What is the remainder when 85 is divided by 47?
38
What is the remainder when 270 is divided by 91?
88
Calculate the remainder when 348 is divided by 167.
14
Calculate the remainder when 98 is divided by 34.
30
What is the remainder when 858 is divided by 24?
18
Calculate the remainder when 789 is divided by 42.
33
Calculate the remainder when 568 is divided by 19.
17
What is the remainder when 2446 is divided by 36?
34
Calculate the remainder when 590 is divided by 99.
95
Calculate the remainder when 169 is divided by 97.
72
What is the remainder when 497 is divided by 65?
42
Calculate the remainder when 998 is divided by 205.
178
What is the remainder when 123 is divided by 34?
21
What is the remainder when 166 is divided by 52?
10
Calculate the remainder when 917 is divided by 295.
32
What is the remainder when 341 is divided by 19?
18
Calculate the remainder when 707 is divided by 342.
23
Calculate the remainder when 302 is divided by 101.
100
Calculate the remainder when 749 is divided by 94.
91
Calculate the remainder when 276 is divided by 82.
30
Calculate the remainder when 203 is divided by 6.
5
What is the remainder when 215 is divided by 2?
1
What is the remainder when 780 is divided by 28?
24
What is the remainder when 337 is divided by 17?
14
What is the remainder when 793 is divided by 267?
259
What is the remainder when 226 is divided by 58?
52
Calculate the remainder when 241 is divided by 46.
11
Calculate the remainder when 90 is divided by 11.
2
Calculate the remainder when 956 is divided by 173.
91
Calculate the remainder when 378 is divided by 77.
70
What is the remainder when 594 is divided by 7?
6
What is the remainder when 359 is divided by 115?
14
Calculate the remainder when 224 is divided by 21.
14
Calculate the r